 Let p be s(2). Let i be u(p). Suppose 2*r = i + 13. What are the prime factors of r?
2, 13
Let z be 0*(-5 - (-80)/15). Suppose -2*x - 6 = z, -4*x - 219 = -i - 2*i. List the prime factors of i.
3, 23
Let b(y) be the third derivative of -y**6/120 - y**5/60 + y**4/24 - y**3/6 - 14*y**2. What are the prime factors of b(-5)?
2, 47
Let y(x) = -40*x - 57. Let i be y(-4). Let t = i + -58. What are the prime factors of t?
3, 5
Let u = 125 - -1670. List the prime factors of u.
5, 359
Let o(z) = z**3 + 11*z**2 - 10*z - 32. What are the prime factors of o(-11)?
2, 3, 13
Let l(d) = -2*d + 2. Let a be l(-3). Suppose 6*n - 2*n - a = 0. Suppose 5*u = 2*m, n*u = -5*m - u + 62. List the prime factors of m.
2, 5
Let z(s) = -2*s + 16 + 16 - 6. List the prime factors of z(-17).
2, 3, 5
Let a be (-312)/(-22) + (4/22)/(-1). List the prime factors of (-2 - a/(-5))*165.
2, 3, 11
Let h(w) = -w**3 - 38*w**2 - 89. What are the prime factors of h(-40)?
3, 17, 61
Let r be (-1)/((-6)/4)*6. Suppose 7*n - 131 = 5*n + y, 4*n = y + 263. Suppose 10 = r*o - n. What are the prime factors of o?
19
Let q(y) = 38*y**2 - 14*y - 45. Let j be q(-4). Let x = -441 + j. List the prime factors of x.
2, 89
Suppose 672 = -8*j + 16*j. List the prime factors of j.
2, 3, 7
Let q(f) = f**3 - 8*f**2 + 5*f + 10. Let g be q(7). Let d(x) be the second derivative of -x**3/6 + 3*x**2/2 + x. What are the prime factors of d(g)?
7
Suppose 7*w + 1335 - 8475 = 0. What are the prime factors of w?
2, 3, 5, 17
Let c = 92 + -127. Let z = c - -66. List the prime factors of z.
31
Suppose -4*b + 60 = -3*b. Let k = b + 2. What are the prime factors of k?
2, 31
Let y be ((-42)/(-28))/((-6)/(-20)). Let a = y + 19. List the prime factors of a.
2, 3
Suppose 2*s + 4 = 5*q, 3*s = 2*s - 2. Suppose q = 3*i + 7 - 139. What are the prime factors of i?
2, 11
Let m(z) = 12*z**2 - 3*z - 4. Let c(q) = -3*q - 5. Let l be c(4). Let t = 15 + l. List the prime factors of m(t).
2, 5
Let w(s) = -s**3 + 14*s**2 + 10*s + 25. What are the prime factors of w(8)?
3, 163
Let c(p) = -11*p - 1. Let h be c(-1). Suppose 3*r - 2*f + h = 0, 2*r - 15 = -2*f - 5. Suppose r = -9*w + 7*w + 32. List the prime factors of w.
2
Let z(c) be the third derivative of -c**4/4 - 11*c**3/3 + c**2. What are the prime factors of z(-11)?
2, 11
Let i = 2691 - -749. List the prime factors of i.
2, 5, 43
Let m = 22 - 22. Suppose m = 3*r + 6 - 78. What are the prime factors of r?
2, 3
Suppose -55 = -5*m - 30. Suppose 5*r = t + 425, -2*t = -r - m + 99. List the prime factors of r.
2, 3, 7
Suppose 37*r - 44*r + 3493 = 0. List the prime factors of r.
499
Let z = 1992 + -947. What are the prime factors of z?
5, 11, 19
Suppose -t = -0*t - 42. Suppose 3*p + o - 3 = -2*o, p + 5*o - 13 = 0. List the prime factors of 721/t - p/(-12).
17
Let x(m) = -m - 11. Let f be x(-17). Let a(u) = u**2 + 5*u - 1. What are the prime factors of a(f)?
5, 13
Let y be 9 - (2/(-1) - -1). List the prime factors of 2/(-5) + 414/y.
41
Let a(w) = -3*w + 1. Let u be a(3). Let g = -32 - -30. Let b = g - u. List the prime factors of b.
2, 3
Let p = 405 - -902. What are the prime factors of p?
1307
Let o(i) be the first derivative of i**3/3 - i**2/2 + 5*i + 21. Suppose -3*w = 2*w. List the prime factors of o(w).
5
Suppose 21*z = 7*z + 4382. List the prime factors of z.
313
Let z(a) = a**2 - 6*a - 4. Let x be z(6). What are the prime factors of x/(3/53*16/(-24))?
2, 53
Suppose 194*i = 188*i + 14088. What are the prime factors of i?
2, 587
Suppose 0 = 68*u - 62*u - 4218. What are the prime factors of u?
19, 37
Suppose 8*q - 4*q - 10468 = 4*x, x - 7855 = -3*q. List the prime factors of q.
2, 7, 11, 17
Let w = -21 - -25. Suppose w*h = -h + 95. What are the prime factors of h?
19
Suppose 5*a = -w + 3055, 45*w - 49*w = -a + 611. List the prime factors of a.
13, 47
Let z = 4 - 1. Suppose z*g - 244 = -2*i + 4*i, 3*g = 5*i + 241. Let r = -58 + g. List the prime factors of r.
2, 3
Let u = 31 + -41. What are the prime factors of (-992)/u + (-1)/5?
3, 11
Suppose 0 = 8*q - 2715 - 1021. What are the prime factors of q?
467
Let z(y) = 21*y**2 - 6*y - 38. What are the prime factors of z(-6)?
2, 13, 29
Let i be (-14)/4 - (-4)/(-8). Let a be (-3)/((-5)/(-2) + i). List the prime factors of 6/a + -6 + 14.
11
Let m = -204 + 288. Let j = 144 - m. Suppose h + 2*h = j. What are the prime factors of h?
2, 5
Let i be (-20)/((-10)/4*(-1)/(-5)). Suppose i*l - 35*l = 100. List the prime factors of l.
2, 5
Let j(f) be the third derivative of f**4/6 - 19*f**3/6 + 17*f**2. What are the prime factors of j(15)?
41
Let m = -243 + 163. Suppose -j + 5*h + 35 = -6*j, 0 = 3*j - 4*h - 14. What are the prime factors of ((-27)/j)/((-15)/m)?
2, 3
Let b(i) = 62*i - 33. What are the prime factors of b(63)?
3, 1291
Suppose 0 = -3*w + 2*w - 89. Let d(j) = -j**3 + j**2 + j + 131. Let b be d(0). Let m = b + w. List the prime factors of m.
2, 3, 7
Suppose -8 = -0*a + 4*a. Let o be a/(-7) + 1102/14. Suppose -3*r + 59 = -o. List the prime factors of r.
2, 23
Suppose -5*g + 12295 = t, 0*t - t = g - 2459. List the prime factors of g.
2459
Let h(z) = z**2 - 8*z + 2. Let o be h(8). Let q(m) = 2*m. Let b be q(1). Suppose 5*g = -l + b*l + 18, 2*g + o*l = 0. List the prime factors of g.
3
Let s = 259 + 130. What are the prime factors of s?
389
Let m = 2379 + 420. What are the prime factors of m?
3, 311
Suppose 3*q - 6771 + 2516 = -w, 2*w - 5*q = 8521. What are the prime factors of w?
2, 2129
Suppose -3*j + 39 = 4*y - 764, 0 = -5*j - 4*y + 1349. Suppose -6*t + 1125 = j. What are the prime factors of t?
2, 71
Let t be (-6)/(-21) + (-80)/(-14). Suppose 4 = 4*m - 5*q - 9, 0 = -3*m + 3*q + t. What are the prime factors of (76/3)/((-2)/m)?
2, 19
Suppose -4*i - 2*i - 18 = 0. What are the prime factors of (12/(-10))/(i/105)?
2, 3, 7
Suppose 7553 = -76*h + 89*h. List the prime factors of h.
7, 83
Suppose 3*p = 3*t - t - 221, 4*p + 542 = 5*t. Let b = -47 + t. List the prime factors of b.
59
Let p(u) = -u**3 - 11*u**2 - 3*u - 25. List the prime factors of p(-11).
2
Suppose 0 = -3*k - 2*x + 578, 5*k - 2*x = -626 + 1616. List the prime factors of k.
2, 7
Let a(p) = -74*p + 10. Let l(o) = -1. Let w(g) = a(g) + 6*l(g). Let n be w(-2). Suppose n = 2*v - 3*y, y + 144 = v + v. What are the prime factors of v?
2, 5, 7
Suppose -4468 = -2*h - 5*n - 1267, -5*h + 3*n = -7925. List the prime factors of h.
2, 397
Let z = -1504 + -164. What are the prime factors of (z/18)/((-1)/3)?
2, 139
Let r(v) = -v**3 - 16*v**2 - 14*v + 12. Let g = -45 - -29. What are the prime factors of r(g)?
2, 59
Suppose -33*k + 17482 + 2285 = 0. What are the prime factors of k?
599
Let m(c) = 2*c**2 + 9*c - 28. Let h = -20 + 9. What are the prime factors of m(h)?
5, 23
Let s(z) = 80*z + 7. Let l be s(0). Suppose 4*j - q - 23 = 2*q, 0 = -5*j - 5*q - 15. List the prime factors of 24/l*7/j.
2, 3
Let o(j) = j**3 + 10*j**2 + 10*j + 13. Let d be o(-9). Suppose 3*p + 12 = 0, -88 = -d*r + 3*p + 56. Suppose 5*b - r = 107. List the prime factors of b.
2, 7
Suppose 2*c - 5*n - 275 = 0, -2*c + 164 = n - 117. List the prime factors of c.
2, 5, 7
Let t = 8 + 1. Let k = 21 - t. What are the prime factors of (-136)/(-2)*9/k?
3, 17
Let n be 5/2*8/10. Suppose -b - 19 = -n. Let m = 65 + b. What are the prime factors of m?
2, 3
Let c(s) = 2*s**3 - 4*s**2 + 2*s. Let i be c(2). Suppose -18 = -v - 2*v. What are the prime factors of ((-4)/(-3))/(i/v)?
2
Suppose -2*f - 4*w = 4, 4*w + 17 = f + 1. Suppose 184 = -0*q + f*q. Suppose -2*b - 4*h = -46, -4*h + 29 + q = 3*b. What are the prime factors of b?
29
Let q be (1 - (-4)/(-10)) + (-24)/40. Suppose k + 1 = 4*b + 2, 3*b - 12 = q. List the prime factors of k.
17
Let u(t) = -10*t - 6. Suppose -2*p + 8 = 0, v - 3*p = -0*p - 14. What are the prime factors of u(v)?
2, 7
What are the prime factors of -105*1*(-5)/45*6?
2, 5, 7
Suppose 4*b = 5*a + 8*b - 1873, -5*a - b + 1882 = 0. What are the prime factors of a?
13, 29
Suppose 0 = r - 5*y - 137, -2*y - 705 = -5*r + 3*y. Suppose 5*m = r + 43. What are the prime factors of m?
37
Suppose -6*x - 25 = -x. Let y(i) = -8*i - 10. List the prime factors of y(x).
2, 3, 5
Suppose -4*j - 138 = -2*g, g = 4*j - 9*j + 76. List the prime factors of g.
71
What are the prime factors of (21/14)/(6*(-6)/(-16752))?
2, 349
Suppose 0 = 3*n - 4*r - 2158, 8*r + 8 =